{"id":1794,"date":"2022-08-24T09:31:22","date_gmt":"2022-08-24T09:31:22","guid":{"rendered":"https:\/\/hencosvn.com\/?post_type=product&#038;p=1794"},"modified":"2022-08-24T09:31:22","modified_gmt":"2022-08-24T09:31:22","slug":"tinh-chat-u-trang-face-2","status":"publish","type":"product","link":"https:\/\/hencosvn.com\/?product=tinh-chat-u-trang-face-2","title":{"rendered":"Tinh ch\u1ea5t \u1ee7 tr\u1eafng Face"},"content":{"rendered":"<div class=\"\" dir=\"auto\">\n<div id=\"jsc_c_lq\" class=\"d2hqwtrz r227ecj6 ez8dtbzv gt60zsk1\" data-ad-comet-preview=\"message\" data-ad-preview=\"message\">\n<div class=\"alzwoclg cqf1kptm siwo0mpr gu5uzgus\">\n<div class=\"jroqu855 nthtkgg5\">\n<div class=\"m8h3af8h l7ghb35v kjdc1dyq kmwttqpk gh25dzvf n3t5jt4f\">\n<div dir=\"auto\">Tinh ch\u1ea5t \u1ee7 tr\u1eafng Face<\/div>\n<div dir=\"auto\">Mint Essence<\/div>\n<div dir=\"auto\">&#8211; K\u00edch tr\u1eafng b\u1eadt tone da<\/div>\n<div dir=\"auto\">&#8211; S\u0103n ch\u1eafc da<\/div>\n<div dir=\"auto\">&#8211; M\u1ec1m m\u1ecbn, \u0111\u1ec1u m\u00e0u<\/div>\n<div dir=\"auto\">&#8211; H\u1ed7 tr\u1ee3 s\u1ebd kh\u00edt l\u1ed7 ch\u00e2n l\u00f4ng<\/div>\n<\/div>\n<div class=\"l7ghb35v kjdc1dyq kmwttqpk gh25dzvf jikcssrz n3t5jt4f\">\n<div dir=\"auto\">Cung c\u1ea5p theo kg m\u1ecdi s\u1ed1 l\u01b0\u1ee3ng ho\u1eb7c chi\u1ebft r\u00f3t bao b\u00ec th\u00e0nh ph\u1ea9m tr\u1ecdn g\u00f3i theo y\u00eau c\u1ea7u \u0111\u1ed9c quy\u1ec1n.<\/div>\n<\/div>\n<\/div>\n<\/div>\n<\/div>\n<\/div>\n","protected":false},"excerpt":{"rendered":"<p>Tinh ch\u1ea5t \u1ee7 tr\u1eafng Face Mint Essence &#8211; K\u00edch tr\u1eafng b\u1eadt tone da &#8211; S\u0103n ch\u1eafc da &#8211; M\u1ec1m m\u1ecbn, \u0111\u1ec1u m\u00e0u &#8211; H\u1ed7 tr\u1ee3 s\u1ebd kh\u00edt l\u1ed7 ch\u00e2n l\u00f4ng Cung c\u1ea5p theo kg m\u1ecdi s\u1ed1 l\u01b0\u1ee3ng ho\u1eb7c chi\u1ebft r\u00f3t bao b\u00ec th\u00e0nh ph\u1ea9m tr\u1ecdn g\u00f3i theo y\u00eau c\u1ea7u \u0111\u1ed9c quy\u1ec1n.<\/p>\n","protected":false},"featured_media":1800,"comment_status":"open","ping_status":"closed","template":"","meta":[],"product_cat":[80,17,89],"product_tag":[],"class_list":{"0":"post-1794","1":"product","2":"type-product","3":"status-publish","4":"has-post-thumbnail","6":"product_cat-my-pham-thuc-pham-chuc-nang","7":"product_cat-san-pham","8":"product_cat-u-trang-tam-trang-kich-trang","10":"first","11":"instock","12":"shipping-taxable","13":"product-type-simple"},"_links":{"self":[{"href":"https:\/\/hencosvn.com\/index.php?rest_route=\/wp\/v2\/product\/1794","targetHints":{"allow":["GET"]}}],"collection":[{"href":"https:\/\/hencosvn.com\/index.php?rest_route=\/wp\/v2\/product"}],"about":[{"href":"https:\/\/hencosvn.com\/index.php?rest_route=\/wp\/v2\/types\/product"}],"replies":[{"embeddable":true,"href":"https:\/\/hencosvn.com\/index.php?rest_route=%2Fwp%2Fv2%2Fcomments&post=1794"}],"wp:featuredmedia":[{"embeddable":true,"href":"https:\/\/hencosvn.com\/index.php?rest_route=\/wp\/v2\/media\/1800"}],"wp:attachment":[{"href":"https:\/\/hencosvn.com\/index.php?rest_route=%2Fwp%2Fv2%2Fmedia&parent=1794"}],"wp:term":[{"taxonomy":"product_cat","embeddable":true,"href":"https:\/\/hencosvn.com\/index.php?rest_route=%2Fwp%2Fv2%2Fproduct_cat&post=1794"},{"taxonomy":"product_tag","embeddable":true,"href":"https:\/\/hencosvn.com\/index.php?rest_route=%2Fwp%2Fv2%2Fproduct_tag&post=1794"}],"curies":[{"name":"wp","href":"https:\/\/api.w.org\/{rel}","templated":true}]}}